0 and 742798?
238
Calculate the greatest common divisor of 270387 and 50544.
117
Calculate the highest common divisor of 1100 and 87197836.
44
Calculate the highest common divisor of 80 and 2426750.
10
Calculate the greatest common factor of 49268142 and 728406.
15498
Calculate the highest common factor of 1266336 and 1136736.
288
What is the greatest common divisor of 85113 and 6027?
147
What is the highest common divisor of 49745954 and 2?
2
What is the greatest common divisor of 1550 and 28367418?
62
Calculate the greatest common divisor of 2999209246 and 1817.
1817
What is the highest common factor of 21368 and 3048?
8
Calculate the highest common divisor of 1245426 and 156.
78
Calculate the greatest common divisor of 33 and 15530141.
11
Calculate the highest common divisor of 339552118 and 5763.
1921
Calculate the highest common divisor of 24 and 71628928.
8
What is the greatest common divisor of 17 and 38353?
1
Calculate the greatest common factor of 4185779 and 169.
13
What is the greatest common factor of 44304656 and 152?
152
What is the highest common divisor of 1398597 and 20544?
321
Calculate the greatest common factor of 1784430 and 10935.
405
Calculate the highest common factor of 4016221 and 1864.
233
What is the highest common divisor of 1052 and 64730612?
1052
What is the highest common factor of 148258 and 61732?
506
What is the greatest common divisor of 202306660 and 20?
20
Calculate the highest common divisor of 47755746 and 54.
18
What is the greatest common factor of 84473 and 70244?
17
Calculate the highest common divisor of 16548 and 67783366.
2758
What is the greatest common divisor of 1702881 and 34049?
431
What is the greatest common factor of 63 and 280119924?
63
What is the highest common factor of 85 and 878929631?
17
What is the greatest common factor of 715 and 3304561?
13
What is the highest common divisor of 7957 and 1341245?
109
What is the greatest common divisor of 395628969 and 321?
321
What is the greatest common factor of 8232 and 580020?
84
What is the greatest common factor of 4697960 and 6651160?
10280
Calculate the greatest common divisor of 61120058 and 4.
2
What is the highest common divisor of 6378899 and 668?
167
Calculate the greatest common factor of 14346 and 7290956.
1594
Calculate the highest common factor of 171 and 8496933.
57
Calculate the greatest common divisor of 2320 and 4267870.
10
Calculate the greatest common factor of 12839281 and 28.
7
Calculate the greatest common factor of 1416 and 441314808.
1416
What is the greatest common factor of 502794721 and 1131?
377
What is the greatest common divisor of 10389896 and 16?
8
What is the highest common factor of 1890 and 998707185?
945
Calculate the greatest common divisor of 18187 and 3724138.
1399
What is the greatest common factor of 171259 and 10571?
11
Calculate the highest common divisor of 26185280 and 990.
110
What is the highest common factor of 9802 and 911248?
338
Calculate the greatest common divisor of 414336 and 4776.
24
Calculate the highest common divisor of 49434 and 2085644.
2354
What is the highest common divisor of 245877112 and 104?
104
What is the greatest common factor of 247 and 424954?
19
Calculate the highest common factor of 1864 and 7137023.
233
What is the highest common factor of 9566403 and 3773?
77
Calculate the highest common divisor of 247 and 127491577.
19
What is the greatest common divisor of 18 and 13313370?
6
What is the greatest common factor of 1099 and 1960145?
157
What is the highest common factor of 103921202 and 22?
22
Calculate the greatest common divisor of 28724261 and 113.
113
Calculate the greatest common divisor of 1316460 and 444740.
740
What is the greatest common divisor of 2401920 and 3888?
432
Calculate the highest common factor of 1074036 and 24108.
492
What is the highest common factor of 2147 and 862600?
19
Calculate the highest common divisor of 564616 and 13222196.
4628
What is the greatest common divisor of 26775185 and 2045?
2045
Calculate the highest common divisor of 1844 and 68458961.
461
What is the highest common divisor of 297 and 23201019?
27
Calculate the greatest common divisor of 154665 and 63315.
315
What is the highest common divisor of 20639178 and 270?
54
What is the highest common divisor of 73385505 and 2280?
285
What is the highest common factor of 4789067 and 4431?
211
Calculate the highest common divisor of 2759 and 663307.
31
Calculate the greatest common factor of 2794451 and 44.
11
Calculate the greatest common divisor of 12240 and 72810.
90
Calculate the greatest common factor of 90 and 167703282.
18
What is the highest common factor of 29220895 and 50215?
605
What is the greatest common factor of 8350 and 104254?
2
Calculate the greatest common factor of 5389641 and 27297.
3033
What is the greatest common divisor of 5268 and 156849432?
5268
What is the highest common divisor of 438 and 32910444?
438
What is the greatest common divisor of 20189530 and 430?
10
Calculate the greatest common factor of 30 and 9694518.
6
Calculate the highest common divisor of 12 and 210240204.
12
Calculate the greatest common factor of 19383 and 38570679.
1491
Calculate the highest common divisor of 5218 and 90091379.
2609
What is the highest common factor of 1159 and 510891?
19
What is the greatest common divisor of 34354 and 212?
2
Calculate the highest common factor of 38651120 and 60.
20
What is the greatest common divisor of 884 and 11995217?
221
Calculate the greatest common factor of 27251180 and 12804.
4268
Calculate the highest common factor of 5291539 and 8483.
17
What is the highest common divisor of 42622 and 4588406?
422
What is the highest common divisor of 25763686 and 2626?
2626
Calculate the greatest common divisor of 5251401 and 70299.
657
Calculate the highest common divisor of 2130 and 588509770.
710
Calculate the greatest common factor of 1113441 and 5647453.
10031
What is the highest common divisor of 190400 and 2125000?
3400
What is the greatest common divisor of 33 and 115214?
11
Calculate the greatest common factor of 153447989 and 998.
499
Calculate the greatest common divisor of 29 and 3109873.
29
What is the highest common factor of 2272175 and 2125?
25
Calculate the greatest common divisor of 1320 and 6388448.
88
What is the highest common divisor of 12342 and 11497134?
1122
What is the greatest common factor of 28303230 and 6060?
3030
What is the greatest common factor of 17910801 and 3110?
311
What is the highest common factor of 1088 and 3123596864?
1088
Calculate the highest common factor of 9 and 32232393.
9
What is the greatest common divisor of 8288 and 4880448?
1184
Calculate the greatest common divisor of 2442122 and 2.
2
Calculate the greatest common divisor of 7478 and 60717621.
3739
What is the highest common divisor of 1959 and 20113053?
1959
What is the greatest common factor of 484197 and 105?
21
What is the greatest common divisor of 227769818 and 8?
2
What is the greatest common divisor of 33657 and 4095?
39
Calculate the highest common divisor of 1608 and 217032.
24
Calculate the highest common divisor of 1159560 and 32202.
18
Calculate the highest common divisor of 14125 and 43731.
113
What is the highest common divisor of 42611033 and 2619?
97
Calculate the greatest common factor of 4102738 and 1098.
122
What is the highest common divisor of 2117 and 418253573?
2117
What is the greatest common factor of 15184572 and 2145?
39
What is the highest common divisor of 57 and 186442117?
19
What is the greatest common factor of 27112032 and 36?
36
Calculate the highest common divisor of 1792 and 12347776.
896
Calculate the greatest common divisor of 156 and 13323576.
12
Calculate the highest common factor of 688 and 4211592688.
688
What is the highest common factor of 192 and 308676?
12
Calculate the greatest common divisor of 2048 and 42354688.
2048
Calculate the highest common divisor of 15805818 and 12246.
942
Calculate the highest common factor of 34181 and 240430953.
1799
Calculate the highest common divisor of 20449 and 506385.
121
Calculate the greatest common factor of 6565955 and 3410.
1705
What is the greatest common divisor of 1350 and 234266850?
1350
What is the greatest common factor of 5368 and 12875148?
2684
What 